{"id":47,"date":"2010-06-12T19:36:20","date_gmt":"2010-06-12T19:36:20","guid":{"rendered":"http:\/\/www.sportman.fi\/?page_id=47"},"modified":"2023-11-17T09:48:43","modified_gmt":"2023-11-17T09:48:43","slug":"partners","status":"publish","type":"page","link":"https:\/\/sportman.fi\/index.php\/partners\/","title":{"rendered":"Partners"},"content":{"rendered":"<p><!--:fi--><\/p>\n<p><img loading=\"lazy\" decoding=\"async\" class=\"alignnone size-full wp-image-9736\" src=\"https:\/\/sportman.fi\/wp-content\/uploads\/2019\/07\/kumppanilogot-palkki-02a_01.png\" alt=\"\" width=\"219\" height=\"92\" \/><br \/>\nK\u00e4yt\u00e4n Panasonicin Toughbookia niin konttorilla kuin aavikoillakin.<\/p>\n<p><img loading=\"lazy\" decoding=\"async\" class=\"alignnone size-full wp-image-9742\" src=\"https:\/\/sportman.fi\/wp-content\/uploads\/2019\/07\/kumppanilogot-palkki-02a_04.png\" alt=\"\" width=\"243\" height=\"92\" \/><br \/>\nApteekki FluAcute sinkkisuihke pit\u00e4\u00e4 p\u00f6p\u00f6t poissa.<\/p>\n<p><img loading=\"lazy\" decoding=\"async\" class=\"alignnone wp-image-17040 \" src=\"https:\/\/sportman.fi\/wp-content\/uploads\/2023\/11\/aw_logo__1col_black-265x300.png\" alt=\"\" width=\"189\" height=\"214\" srcset=\"https:\/\/sportman.fi\/wp-content\/uploads\/2023\/11\/aw_logo__1col_black-265x300.png 265w, https:\/\/sportman.fi\/wp-content\/uploads\/2023\/11\/aw_logo__1col_black-909x1030.png 909w, https:\/\/sportman.fi\/wp-content\/uploads\/2023\/11\/aw_logo__1col_black-768x870.png 768w, https:\/\/sportman.fi\/wp-content\/uploads\/2023\/11\/aw_logo__1col_black-1355x1536.png 1355w, https:\/\/sportman.fi\/wp-content\/uploads\/2023\/11\/aw_logo__1col_black-1324x1500.png 1324w, https:\/\/sportman.fi\/wp-content\/uploads\/2023\/11\/aw_logo__1col_black-622x705.png 622w, https:\/\/sportman.fi\/wp-content\/uploads\/2023\/11\/aw_logo__1col_black.png 1772w\" sizes=\"auto, (max-width: 189px) 100vw, 189px\" \/><\/p>\n<p><strong>ARCTIC WARRIORS<\/strong><\/p>\n<p>&#8220;Lapin alkuper\u00e4isiss\u00e4 kasveissa ja villiyrteiss\u00e4 asuu ihmeellinen voima. Ne kasvavat kohisten y\u00f6t\u00e4 p\u00e4iv\u00e4\u00e4 paistavan kes\u00e4auringon alla nauttien maailman puhtaimmasta ilmasta, eiv\u00e4tk\u00e4 pelk\u00e4\u00e4 pohjoisen pieksev\u00e4\u00e4 tuulta tai alleen upottavaa lunta&#8221;.<\/p>\n<p><strong>Arctic Warriors<\/strong> \u2013tuotteissa on k\u00e4ytetty puhtaita Lapin yrttej\u00e4: ruusunjuurta, v\u00e4in\u00f6nputkea ja nokkosta, joiden vaikuttavat aineet kehittyv\u00e4t erityisen voimakkaiksi Lapin y\u00f6tt\u00f6m\u00e4ss\u00e4 y\u00f6ss\u00e4. Tutkitusti puhtaita luonnontuotteita, joissa ei ole mit\u00e4\u00e4n ylim\u00e4\u00e4r\u00e4ist\u00e4 vaan pelkki\u00e4 tehoaineita. Lis\u00e4ksi ne maistuvat hyvilt\u00e4!<\/p>\n<p><a href=\"https:\/\/www.arcticwarriors.fi\/\">https:\/\/www.arcticwarriors.fi\/<\/a><\/p>\n<p><strong>Arctic Warriorsin tuotteet antavat minulle puhtia olen sitten Suomessa, aavikoilla tai j\u00e4\u00e4tik\u00f6ill\u00e4!<\/strong><\/p>\n<p><!--:--><\/p>\n","protected":false},"excerpt":{"rendered":"<p>K\u00e4yt\u00e4n Panasonicin Toughbookia niin konttorilla kuin aavikoillakin. Apteekki FluAcute sinkkisuihke pit\u00e4\u00e4 p\u00f6p\u00f6t poissa. ARCTIC WARRIORS &#8220;Lapin alkuper\u00e4isiss\u00e4 kasveissa ja villiyrteiss\u00e4 asuu ihmeellinen voima. Ne kasvavat kohisten y\u00f6t\u00e4 p\u00e4iv\u00e4\u00e4 paistavan kes\u00e4auringon alla nauttien maailman puhtaimmasta ilmasta, eiv\u00e4tk\u00e4 pelk\u00e4\u00e4 pohjoisen pieksev\u00e4\u00e4 tuulta tai alleen upottavaa lunta&#8221;. Arctic Warriors \u2013tuotteissa on k\u00e4ytetty puhtaita Lapin yrttej\u00e4: ruusunjuurta, v\u00e4in\u00f6nputkea ja [&hellip;]<\/p>\n","protected":false},"author":3,"featured_media":0,"parent":0,"menu_order":65,"comment_status":"closed","ping_status":"closed","template":"","meta":{"footnotes":""},"class_list":["post-47","page","type-page","status-publish","hentry"],"_links":{"self":[{"href":"https:\/\/sportman.fi\/index.php\/wp-json\/wp\/v2\/pages\/47","targetHints":{"allow":["GET"]}}],"collection":[{"href":"https:\/\/sportman.fi\/index.php\/wp-json\/wp\/v2\/pages"}],"about":[{"href":"https:\/\/sportman.fi\/index.php\/wp-json\/wp\/v2\/types\/page"}],"author":[{"embeddable":true,"href":"https:\/\/sportman.fi\/index.php\/wp-json\/wp\/v2\/users\/3"}],"replies":[{"embeddable":true,"href":"https:\/\/sportman.fi\/index.php\/wp-json\/wp\/v2\/comments?post=47"}],"version-history":[{"count":9,"href":"https:\/\/sportman.fi\/index.php\/wp-json\/wp\/v2\/pages\/47\/revisions"}],"predecessor-version":[{"id":17043,"href":"https:\/\/sportman.fi\/index.php\/wp-json\/wp\/v2\/pages\/47\/revisions\/17043"}],"wp:attachment":[{"href":"https:\/\/sportman.fi\/index.php\/wp-json\/wp\/v2\/media?parent=47"}],"curies":[{"name":"wp","href":"https:\/\/api.w.org\/{rel}","templated":true}]}}